{"id":52,"date":"2016-02-10T11:44:30","date_gmt":"2016-02-10T10:44:30","guid":{"rendered":"http:\/\/transparenz-ja.ch\/fr\/?page_id=52"},"modified":"2021-06-01T09:57:53","modified_gmt":"2021-06-01T07:57:53","slug":"organisation","status":"publish","type":"page","link":"https:\/\/transparenz-ja.ch\/fr\/organisation\/","title":{"rendered":"Organisation"},"content":{"rendered":"<p><strong>Co-pr\u00e9sidence<\/strong><\/p>\n<ul>\n<li>Nadine Masshardt, conseill\u00e8re nationale\u00a0PS<\/li>\n<li>Lisa Mazzone, conseill\u00e8re nationale Verts<\/li>\n<li>Rosmarie Quadranti, conseill\u00e8re nationale PBD<\/li>\n<li>Marianne Streiff-Feller, conseill\u00e8re nationale PEV<\/li>\n<\/ul>\n<p><strong>Comit\u00e9<\/strong><\/p>\n<ul>\n<li>Karin Mader<\/li>\n<li>Nadine Masshardt<\/li>\n<li>Lisa Mazzone<\/li>\n<li>Rosmarie Quadranti<\/li>\n<li>Claudia Sch\u00fcrch<\/li>\n<li>Jorgo Ananiadis<\/li>\n<\/ul>\n<p><strong>Membres &#8211; organisations<\/strong><\/p>\n<ul>\n<li>Parti Pirate Suisse<\/li>\n<li>Jeunes Verts Suisse<\/li>\n<li>Opendata.ch<\/li>\n<li>Les Verts Suisse<\/li>\n<li>Jeunes PBD Suisse<\/li>\n<li>JS Suisse<\/li>\n<li>jeune parti \u00e9vang\u00e9lique Suisse<\/li>\n<li>PEV Suisse<\/li>\n<li>PS Suisse<\/li>\n<li>PBD Suisse<\/li>\n<li>Session des jeunes<\/li>\n<li>Transparency International Suisse<\/li>\n<li>Public Eye<\/li>\n<\/ul>\n<p><strong>Membres \u2013 individuels<\/strong><\/p>\n<ul>\n<li>Daniel Fischer<\/li>\n<li>Claudio Kuster<\/li>\n<li>Daniel H\u00fcrlimann<\/li>\n<\/ul>\n","protected":false},"excerpt":{"rendered":"<p>Co-pr\u00e9sidence Nadine Masshardt, conseill\u00e8re nationale\u00a0PS Lisa Mazzone, conseill\u00e8re nationale Verts Rosmarie Quadranti, conseill\u00e8re nationale PBD Marianne Streiff-Feller, conseill\u00e8re nationale PEV Comit\u00e9 Karin Mader Nadine Masshardt Lisa Mazzone Rosmarie Quadranti Claudia Sch\u00fcrch Jorgo Ananiadis Membres &#8211; organisations Parti Pirate Suisse Jeunes Verts Suisse Opendata.ch Les Verts Suisse Jeunes PBD Suisse JS Suisse jeune parti \u00e9vang\u00e9lique Suisse &hellip; <a href=\"https:\/\/transparenz-ja.ch\/fr\/organisation\/\" title=\"Organisation\" class=\"read-more\">Lire la suite<\/a><\/p>\n","protected":false},"author":1,"featured_media":0,"parent":0,"menu_order":0,"comment_status":"closed","ping_status":"closed","template":"","meta":{"footnotes":""},"class_list":["post-52","page","type-page","status-publish","hentry"],"yoast_head":"<!-- This site is optimized with the Yoast SEO plugin v27.4 - https:\/\/yoast.com\/product\/yoast-seo-wordpress\/ -->\n<title>Organisation - Transparenz-Initiative<\/title>\n<meta name=\"robots\" content=\"index, follow, max-snippet:-1, max-image-preview:large, max-video-preview:-1\" \/>\n<link rel=\"canonical\" href=\"https:\/\/transparenz-ja.ch\/fr\/organisation\/\" \/>\n<meta property=\"og:locale\" content=\"fr_FR\" \/>\n<meta property=\"og:type\" content=\"article\" \/>\n<meta property=\"og:title\" content=\"Organisation - Transparenz-Initiative\" \/>\n<meta property=\"og:description\" content=\"Co-pr\u00e9sidence Nadine Masshardt, conseill\u00e8re nationale\u00a0PS Lisa Mazzone, conseill\u00e8re nationale Verts Rosmarie Quadranti, conseill\u00e8re nationale PBD Marianne Streiff-Feller, conseill\u00e8re nationale PEV Comit\u00e9 Karin Mader Nadine Masshardt Lisa Mazzone Rosmarie Quadranti Claudia Sch\u00fcrch Jorgo Ananiadis Membres &#8211; organisations Parti Pirate Suisse Jeunes Verts Suisse Opendata.ch Les Verts Suisse Jeunes PBD Suisse JS Suisse jeune parti \u00e9vang\u00e9lique Suisse [&hellip;]\" \/>\n<meta property=\"og:url\" content=\"https:\/\/transparenz-ja.ch\/fr\/organisation\/\" \/>\n<meta property=\"og:site_name\" content=\"Transparenz-Initiative\" \/>\n<meta property=\"article:modified_time\" content=\"2021-06-01T07:57:53+00:00\" \/>\n<meta name=\"twitter:card\" content=\"summary_large_image\" \/>\n<meta name=\"twitter:label1\" content=\"Dur\u00e9e de lecture estim\u00e9e\" \/>\n\t<meta name=\"twitter:data1\" content=\"1 minute\" \/>\n<script type=\"application\/ld+json\" class=\"yoast-schema-graph\">{\"@context\":\"https:\\\/\\\/schema.org\",\"@graph\":[{\"@type\":\"WebPage\",\"@id\":\"https:\\\/\\\/transparenz-ja.ch\\\/fr\\\/organisation\\\/\",\"url\":\"https:\\\/\\\/transparenz-ja.ch\\\/fr\\\/organisation\\\/\",\"name\":\"Organisation - Transparenz-Initiative\",\"isPartOf\":{\"@id\":\"https:\\\/\\\/transparenz-ja.ch\\\/#website\"},\"datePublished\":\"2016-02-10T10:44:30+00:00\",\"dateModified\":\"2021-06-01T07:57:53+00:00\",\"breadcrumb\":{\"@id\":\"https:\\\/\\\/transparenz-ja.ch\\\/fr\\\/organisation\\\/#breadcrumb\"},\"inLanguage\":\"fr-FR\",\"potentialAction\":[{\"@type\":\"ReadAction\",\"target\":[\"https:\\\/\\\/transparenz-ja.ch\\\/fr\\\/organisation\\\/\"]}]},{\"@type\":\"BreadcrumbList\",\"@id\":\"https:\\\/\\\/transparenz-ja.ch\\\/fr\\\/organisation\\\/#breadcrumb\",\"itemListElement\":[{\"@type\":\"ListItem\",\"position\":1,\"name\":\"Startseite\",\"item\":\"https:\\\/\\\/transparenz-ja.ch\\\/fr\\\/\"},{\"@type\":\"ListItem\",\"position\":2,\"name\":\"Organisation\"}]},{\"@type\":\"WebSite\",\"@id\":\"https:\\\/\\\/transparenz-ja.ch\\\/#website\",\"url\":\"https:\\\/\\\/transparenz-ja.ch\\\/\",\"name\":\"Transparenz-Initiative\",\"description\":\"F\u00fcr mehr Transparenz in der Politikfinanzierung\",\"potentialAction\":[{\"@type\":\"SearchAction\",\"target\":{\"@type\":\"EntryPoint\",\"urlTemplate\":\"https:\\\/\\\/transparenz-ja.ch\\\/?s={search_term_string}\"},\"query-input\":{\"@type\":\"PropertyValueSpecification\",\"valueRequired\":true,\"valueName\":\"search_term_string\"}}],\"inLanguage\":\"fr-FR\"}]}<\/script>\n<!-- \/ Yoast SEO plugin. -->","yoast_head_json":{"title":"Organisation - Transparenz-Initiative","robots":{"index":"index","follow":"follow","max-snippet":"max-snippet:-1","max-image-preview":"max-image-preview:large","max-video-preview":"max-video-preview:-1"},"canonical":"https:\/\/transparenz-ja.ch\/fr\/organisation\/","og_locale":"fr_FR","og_type":"article","og_title":"Organisation - Transparenz-Initiative","og_description":"Co-pr\u00e9sidence Nadine Masshardt, conseill\u00e8re nationale\u00a0PS Lisa Mazzone, conseill\u00e8re nationale Verts Rosmarie Quadranti, conseill\u00e8re nationale PBD Marianne Streiff-Feller, conseill\u00e8re nationale PEV Comit\u00e9 Karin Mader Nadine Masshardt Lisa Mazzone Rosmarie Quadranti Claudia Sch\u00fcrch Jorgo Ananiadis Membres &#8211; organisations Parti Pirate Suisse Jeunes Verts Suisse Opendata.ch Les Verts Suisse Jeunes PBD Suisse JS Suisse jeune parti \u00e9vang\u00e9lique Suisse [&hellip;]","og_url":"https:\/\/transparenz-ja.ch\/fr\/organisation\/","og_site_name":"Transparenz-Initiative","article_modified_time":"2021-06-01T07:57:53+00:00","twitter_card":"summary_large_image","twitter_misc":{"Dur\u00e9e de lecture estim\u00e9e":"1 minute"},"schema":{"@context":"https:\/\/schema.org","@graph":[{"@type":"WebPage","@id":"https:\/\/transparenz-ja.ch\/fr\/organisation\/","url":"https:\/\/transparenz-ja.ch\/fr\/organisation\/","name":"Organisation - Transparenz-Initiative","isPartOf":{"@id":"https:\/\/transparenz-ja.ch\/#website"},"datePublished":"2016-02-10T10:44:30+00:00","dateModified":"2021-06-01T07:57:53+00:00","breadcrumb":{"@id":"https:\/\/transparenz-ja.ch\/fr\/organisation\/#breadcrumb"},"inLanguage":"fr-FR","potentialAction":[{"@type":"ReadAction","target":["https:\/\/transparenz-ja.ch\/fr\/organisation\/"]}]},{"@type":"BreadcrumbList","@id":"https:\/\/transparenz-ja.ch\/fr\/organisation\/#breadcrumb","itemListElement":[{"@type":"ListItem","position":1,"name":"Startseite","item":"https:\/\/transparenz-ja.ch\/fr\/"},{"@type":"ListItem","position":2,"name":"Organisation"}]},{"@type":"WebSite","@id":"https:\/\/transparenz-ja.ch\/#website","url":"https:\/\/transparenz-ja.ch\/","name":"Transparenz-Initiative","description":"F\u00fcr mehr Transparenz in der Politikfinanzierung","potentialAction":[{"@type":"SearchAction","target":{"@type":"EntryPoint","urlTemplate":"https:\/\/transparenz-ja.ch\/?s={search_term_string}"},"query-input":{"@type":"PropertyValueSpecification","valueRequired":true,"valueName":"search_term_string"}}],"inLanguage":"fr-FR"}]}},"_links":{"self":[{"href":"https:\/\/transparenz-ja.ch\/fr\/wp-json\/wp\/v2\/pages\/52","targetHints":{"allow":["GET"]}}],"collection":[{"href":"https:\/\/transparenz-ja.ch\/fr\/wp-json\/wp\/v2\/pages"}],"about":[{"href":"https:\/\/transparenz-ja.ch\/fr\/wp-json\/wp\/v2\/types\/page"}],"author":[{"embeddable":true,"href":"https:\/\/transparenz-ja.ch\/fr\/wp-json\/wp\/v2\/users\/1"}],"replies":[{"embeddable":true,"href":"https:\/\/transparenz-ja.ch\/fr\/wp-json\/wp\/v2\/comments?post=52"}],"version-history":[{"count":19,"href":"https:\/\/transparenz-ja.ch\/fr\/wp-json\/wp\/v2\/pages\/52\/revisions"}],"predecessor-version":[{"id":673,"href":"https:\/\/transparenz-ja.ch\/fr\/wp-json\/wp\/v2\/pages\/52\/revisions\/673"}],"wp:attachment":[{"href":"https:\/\/transparenz-ja.ch\/fr\/wp-json\/wp\/v2\/media?parent=52"}],"curies":[{"name":"wp","href":"https:\/\/api.w.org\/{rel}","templated":true}]}}

<p><strong>Co-présidence</strong></p>
<ul>
<li>Nadine Masshardt, conseillère nationale PS</li>
<li>Lisa Mazzone, conseillère nationale Verts</li>
<li>Rosmarie Quadranti, conseillère nationale PBD</li>
<li>Marianne Streiff-Feller, conseillère nationale PEV</li>
</ul>
<p><strong>Comité</strong></p>
<ul>
<li>Karin Mader</li>
<li>Nadine Masshardt</li>
<li>Lisa Mazzone</li>
<li>Rosmarie Quadranti</li>
<li>Claudia Schürch</li>
<li>Jorgo Ananiadis</li>
</ul>
<p><strong>Membres &#8211; organisations</strong></p>
<ul>
<li>Parti Pirate Suisse</li>
<li>Jeunes Verts Suisse</li>
<li>Opendata.ch</li>
<li>Les Verts Suisse</li>
<li>Jeunes PBD Suisse</li>
<li>JS Suisse</li>
<li>jeune parti évangélique Suisse</li>
<li>PEV Suisse</li>
<li>PS Suisse</li>
<li>PBD Suisse</li>
<li>Session des jeunes</li>
<li>Transparency International Suisse</li>
<li>Public Eye</li>
</ul>
<p><strong>Membres – individuels</strong></p>
<ul>
<li>Daniel Fischer</li>
<li>Claudio Kuster</li>
<li>Daniel Hürlimann</li>
</ul>

<p>Co-présidence Nadine Masshardt, conseillère nationale PS Lisa Mazzone, conseillère nationale Verts Rosmarie Quadranti, conseillère nationale PBD Marianne Streiff-Feller, conseillère nationale PEV Comité Karin Mader Nadine Masshardt Lisa Mazzone Rosmarie Quadranti Claudia Schürch Jorgo Ananiadis Membres &#8211; organisations Parti Pirate Suisse Jeunes Verts Suisse Opendata.ch Les Verts Suisse Jeunes PBD Suisse JS Suisse jeune parti évangélique Suisse &hellip; <a href="https://transparenz-ja.ch/fr/organisation/" title="Organisation" class="read-more">Lire la suite</a></p>

<!-- This site is optimized with the Yoast SEO plugin v27.4 - https://yoast.com/product/yoast-seo-wordpress/ -->
<title>Organisation - Transparenz-Initiative</title>
<meta name="robots" content="index, follow, max-snippet:-1, max-image-preview:large, max-video-preview:-1" />
<link rel="canonical" href="https://transparenz-ja.ch/fr/organisation/" />
<meta property="og:locale" content="fr_FR" />
<meta property="og:type" content="article" />
<meta property="og:title" content="Organisation - Transparenz-Initiative" />
<meta property="og:description" content="Co-présidence Nadine Masshardt, conseillère nationale PS Lisa Mazzone, conseillère nationale Verts Rosmarie Quadranti, conseillère nationale PBD Marianne Streiff-Feller, conseillère nationale PEV Comité Karin Mader Nadine Masshardt Lisa Mazzone Rosmarie Quadranti Claudia Schürch Jorgo Ananiadis Membres &#8211; organisations Parti Pirate Suisse Jeunes Verts Suisse Opendata.ch Les Verts Suisse Jeunes PBD Suisse JS Suisse jeune parti évangélique Suisse [&hellip;]" />
<meta property="og:url" content="https://transparenz-ja.ch/fr/organisation/" />
<meta property="og:site_name" content="Transparenz-Initiative" />
<meta property="article:modified_time" content="2021-06-01T07:57:53+00:00" />
<meta name="twitter:card" content="summary_large_image" />
<meta name="twitter:label1" content="Durée de lecture estimée" />
	<meta name="twitter:data1" content="1 minute" />
<script type="application/ld+json" class="yoast-schema-graph">{"@context":"https:\/\/schema.org","@graph":[{"@type":"WebPage","@id":"https:\/\/transparenz-ja.ch\/fr\/organisation\/","url":"https:\/\/transparenz-ja.ch\/fr\/organisation\/","name":"Organisation - Transparenz-Initiative","isPartOf":{"@id":"https:\/\/transparenz-ja.ch\/#website"},"datePublished":"2016-02-10T10:44:30+00:00","dateModified":"2021-06-01T07:57:53+00:00","breadcrumb":{"@id":"https:\/\/transparenz-ja.ch\/fr\/organisation\/#breadcrumb"},"inLanguage":"fr-FR","potentialAction":[{"@type":"ReadAction","target":["https:\/\/transparenz-ja.ch\/fr\/organisation\/"]}]},{"@type":"BreadcrumbList","@id":"https:\/\/transparenz-ja.ch\/fr\/organisation\/#breadcrumb","itemListElement":[{"@type":"ListItem","position":1,"name":"Startseite","item":"https:\/\/transparenz-ja.ch\/fr\/"},{"@type":"ListItem","position":2,"name":"Organisation"}]},{"@type":"WebSite","@id":"https:\/\/transparenz-ja.ch\/#website","url":"https:\/\/transparenz-ja.ch\/","name":"Transparenz-Initiative","description":"Für mehr Transparenz in der Politikfinanzierung","potentialAction":[{"@type":"SearchAction","target":{"@type":"EntryPoint","urlTemplate":"https:\/\/transparenz-ja.ch\/?s={search_term_string}"},"query-input":{"@type":"PropertyValueSpecification","valueRequired":true,"valueName":"search_term_string"}}],"inLanguage":"fr-FR"}]}</script>
<!-- / Yoast SEO plugin. -->

Co-présidence Nadine Masshardt, conseillère nationale PS Lisa Mazzone, conseillère nationale Verts Rosmarie Quadranti, conseillère nationale PBD Marianne Streiff-Feller, conseillère nationale PEV Comité Karin Mader Nadine Masshardt Lisa Mazzone Rosmarie Quadranti Claudia Schürch Jorgo Ananiadis Membres &#8211; organisations Parti Pirate Suisse Jeunes Verts Suisse Opendata.ch Les Verts Suisse Jeunes PBD Suisse JS Suisse jeune parti évangélique Suisse [&hellip;]

Für mehr Transparenz in der Politikfinanzierung
